e
Is 2828119 prime?
False
Is 80593691 a composite number?
False
Is 1614583 composite?
False
Is 5447 composite?
True
Is 39890317 a prime number?
True
Is 75085001 composite?
False
Is 972691019 a composite number?
False
Is 142535573 a composite number?
False
Is 1501471 prime?
True
Is 12149053 a composite number?
True
Is 37717 a composite number?
False
Is 3992683 a composite number?
False
Is 89710969 a prime number?
True
Is 2491123 prime?
True
Is 20848579 a prime number?
False
Is 2775761 composite?
False
Is 71074709 composite?
False
Is 4649451 prime?
False
Is 572315602 composite?
True
Is 34801501 a prime number?
False
Is 18788059 composite?
False
Is 241215931 a composite number?
True
Is 112551209 a composite number?
False
Is 24946591 composite?
False
Is 12513877 prime?
False
Is 723257 a prime number?
True
Is 15331573 a composite number?
False
Is 2713071 prime?
False
Is 19690907 a prime number?
False
Is 2254823 prime?
False
Is 190720799 prime?
True
Is 122959 a composite number?
True
Is 754367 a prime number?
True
Is 15282109 prime?
False
Is 50228011 composite?
False
Is 4996679 composite?
False
Is 47891903 a composite number?
False
Is 107926649 composite?
True
Is 17118797 prime?
True
Is 481908481 a prime number?
True
Is 1721749 a composite number?
False
Is 85592935 composite?
True
Is 342121 composite?
True
Is 2947877 prime?
True
Is 12083977 prime?
True
Is 1053053 a prime number?
False
Is 298413043 composite?
True
Is 39436739 a prime number?
True
Is 161145617 prime?
True
Is 6466791 a prime number?
False
Is 13132031 composite?
True
Is 1979507 a composite number?
False
Is 8269483 a prime number?
False
Is 68174593 prime?
True
Is 243550553 prime?
True
Is 64958 composite?
True
Is 15724307 a prime number?
True
Is 29850265 prime?
False
Is 26263877 prime?
False
Is 33960863 a composite number?
True
Is 47377049 a prime number?
True
Is 7206869 composite?
True
Is 6955357 prime?
True
Is 1762987 prime?
True
Is 15944281 prime?
True
Is 9445811 composite?
False
Is 35216227 a prime number?
True
Is 18750307 a composite number?
True
Is 321712045 a prime number?
False
Is 8172821 a composite number?
False
Is 6195863 a prime number?
True
Is 2051791881 a prime number?
False
Is 6532237 prime?
False
Is 37374751 prime?
True
Is 2716451 composite?
False
Is 854663 a prime number?
False
Is 59094949 composite?
False
Is 183065213 composite?
False
Is 2947127 composite?
False
Is 7256189 prime?
False
Is 3503761 a composite number?
False
Is 13270871 a prime number?
False
Is 344221 composite?
False
Is 21042803 composite?
False
Is 267441763 prime?
False
Is 9057287 prime?
True
Is 824339 a prime number?
True
Is 1813183 a composite number?
True
Is 26103097 a composite number?
False
Is 72621083 a composite number?
False
Is 174203 prime?
False
Is 1411 a prime number?
False
Is 473917 composite?
True
Is 6969709 prime?
False
Is 12719141 prime?
True
Is 29863597 prime?
True
Is 427464707 composite?
True
Is 246892753 prime?
True
Is 515895229 composite?
True
Is 5854481 a composite number?
False
Is 18223259 prime?
True
Is 334619261 composite?
False
Is 873247 prime?
True
Is 370605551 prime?
True
Is 568597 prime?
False
Is 857249 composite?
False
Is 35364293 a prime number?
False
Is 488284699 prime?
False
Is 168396893 a composite number?
True
Is 15592373 a composite number?
False
Is 119807587 composite?
False
Is 1572713 a prime number?
True
Is 28650697 prime?
False
Is 412561 composite?
False
Is 118556279 a composite number?
False
Is 1959091 prime?
True
Is 6308773 composite?
False
Is 12824203 prime?
False
Is 692707 prime?
True
Is 271412677 prime?
True
Is 4649339 a prime number?
True
Is 40125313 prime?
True
Is 2181709 a composite number?
False
Is 72004963 composite?
False
Is 1239251 prime?
False
Is 3659873 a prime number?
False
Is 64085921 a composite number?
False
Is 5764517 prime?
False
Is 4101261 a composite number?
True
Is 232118287 prime?
True
Is 705469 composite?
True
Is 175577 prime?
False
Is 131468291 a composite number?
False
Is 74207611 a prime number?
True
Is 17012221 a prime number?
True
Is 235700839 a prime number?
False
Is 14070041 prime?
True
Is 1554977 prime?
True
Is 17219363 prime?
False
Is 147387811 composite?
False
Is 449356087 a composite number?
True
Is 39352189 composite?
True
Is 173473 prime?
True
Is 26684435 composite?
True
Is 70170959 a composite number?
True
Is 39659281 composite?
False
Is 30251359 a composite number?
False
Is 683880257 prime?
False
Is 39236207 a prime number?
True
Is 19182781 composite?
False
Is 156576289 prime?
False
Is 29274539 prime?
False
Is 41384857 prime?
True
Is 23379679 prime?
True
Is 41954617 prime?
True
Is 96145253 composite?
False
Is 3689573 a composite number?
False
Is 10322821 composite?
True
Is 6842305 prime?
False
Is 21368899 prime?
True
Is 608053 a prime number?
False
Is 415253 a prime number?
True
Is 95969099 a composite number?
False
Is 10408277 prime?
False
Is 276079 a prime number?
True
Is 1733143 composite?
False
Is 2034527 composite?
True
Is 411802889 a composite number?
False
Is 17429857 a composite number?
False
Is 93720767 a prime number?
False
Is 729829 a prime number?
False
Is 167529 a prime number?
False
Is 29400782 a prime number?
False
Is 837919591 a prime number?
False
Is 778109 composite?
False
Is 14711057 composite?
True
Is 2420167 a composite number?
False
Is 666126841 composite?
True
Is 3293773 a prime number?
False
Is 369073 a composite number?
True
Is 36240419 composite?
False
Is 20029445 composite?
True
Is 644648605 composite?
True
Is 22572853 a composite number?
True
Is 638711 prime?
False
Is 92352473 composite?
False
Is 240252589 a composite number?
False
Is 288836833 prime?
True
Is 1501823 a composite number?
True
Is 61826359 prime?
False
Is 122357987 prime?
True
Is 384922 composite?
True
Is 2418613 a composite number?
False
Is 4160077 a prime number?
True
Is 19285081 a composite number?
True
Is 1599163 prime?
False
Is 34987457 composite?
False
Is 1879121 prime?
True
Is 32569279 a prime number?
False
Is 39466319 composite?
False
Is 233088577 prime?
True
Is 10193767 composite?
False
Is 1748523565 a prime number?
False
Is 528717359 a composite number?
False
Is 27977137 composite?
True
Is 275187251 composite?
True
Is 46763159 a composite number?
True
Is 5420327 prime?
False
Is 9530035 a composite number?
True
Is 1432753 a composite number?
True
Is 111783377 a prime number?
False
Is 11623777 composite?
True
Is 35616895 prime?
False
Is 25107119 composite?
False
Is 8970298 a composite number?
True
Is 3775883 a prime number?
True
Is 3729907 prime?
False
Is 13384993 prime?
True
Is 9559343 prime?
False
Is 8649967 a prime number?
True
Is 13458079 composite?
False
Is 208306979 a prime number?
True
Is 93995419 composite?
True
Is 4265407 a prime number?
False
Is 28948193 prime?
False
Is 33466051 prime?
True
Is 6431 composite?
True
Is 46996321 composite?
True
Is 1161001 a composite number?
False
Is 1736321 a composite number?
True
Is 100080521 composite?
True
Is 45251153 prime?
True
Is 924809 a composite number?
False
Is 92402483 composite?
False
Is 39849127 composite?
True
Is 28107229 a composite number?
True
Is 26909789 a composite number?
False
Is 231940633 prime?
True
Is 2548663 a composite number?
True
Is 1308698 composite?
True
Is 40232779 prime?
True
Is 2762414 a prime number?
False
Is 56182409 prime?
True
Is 174645659 composite?
True
Is 258827 prime?
True
Is 3284803 prime?
False
Is 323231 prime?
False
Is 1491043 prime?
False
Is 1847897 composite?
False
Is 424331471 a prime number?
True
Is 608191 prime?
True
Is 7361881 composite?
False
Is 47748955 a composite number?
True
Is 253775033 prime?
True
Is 57011783 prime?
False
Is 1088551 a composite number?
True
Is 72420239 a composite number?
True
Is 72290194 composite?
True
Is 16043149 a composite number?
False
Is 15731473 a composite number?
True
Is 200156053 prime?
False
Is 62270399 a composite number?
False
Is 2112569 a prime number?
True
Is 179297323 composite?
True
Is 11471417 a composite number?
False
Is 150985699 a prime number?
True
Is 5700347 a prime number?
True
Is 1515367 composite?
True
Is 492855163 prime?
False
Is 6495969 composite?
True
Is 40117861 composite?
True
Is 189890189 a composite number?
True
Is 5950823 prime?
True
Is 9167803 a composite number?
True
Is 531